0 - -2)). Suppose -4*r + 252 = -2*p - 2*p, o = 2*p. Is 1/(((-3)/r)/(-1)) composite?
True
Let h = 18 + -5. Let r(y) = -y**2 + 19*y - 4. Is r(h) a composite number?
True
Let k(o) = o**3 + 32*o**2 + 6*o - 22. Is k(-21) prime?
True
Let u be 339/(-15) - (-6)/10. Is u/(-99) - (-1562)/18 a composite number?
True
Suppose 5 - 1 = 2*y. Is 126 - (-1 + y + -2) a prime number?
True
Let w be (-1*4)/(-9 - -7). Suppose -145 = -w*b - 27. Is b a prime number?
True
Let v(q) = -q - 2. Let x be v(-5). Suppose -4*f + 0*c + 4*c + 360 = 0, -x*f + 5*c + 280 = 0. Is f prime?
False
Let y = 706 + -369. Is y composite?
False
Let v = -102 - -293. Is v composite?
False
Let f = 177 + -124. Is f a prime number?
True
Suppose -3*m = -4*d - 45, 2*d - 6*d = 4*m - 88. Is m composite?
False
Let i(d) = 7*d**2 + 5*d + 11. Is i(6) composite?
False
Suppose -5*j + 40 + 5 = 0. Let w(l) = l**2 - l - 13. Is w(j) a prime number?
True
Let k be ((-13)/3)/(3/(-486)). Let v = -415 + k. Is v composite?
True
Let f(m) be the second derivative of -m**4/6 - 4*m**3/3 + 3*m**2/2 + 3*m. Let d be f(6). Let x = 196 + d. Is x a prime number?
True
Suppose -13*x + 14*x - 3489 = -2*i, -4*x - 2*i = -13962. Is x a composite number?
False
Is (-844)/(-6)*(26 - 23) a prime number?
False
Suppose 8 = 5*w - 17. Suppose 3*j - 3*g = 887 - 260, 0 = -w*j - 5*g + 1065. Is j a prime number?
True
Let v(c) be the first derivative of 4*c**3/3 + 3*c + 5. Is v(-4) prime?
True
Suppose 3*l = 2*m - 2182, 1091 = m + l + l. Is m prime?
True
Let l = -12 + 31. Suppose -5*h + l = -11. Let q(t) = t**2 + 6*t - 5. Is q(h) composite?
False
Suppose -3*q - 14 = 4*f + 4, -5*f = -2*q + 11. Is (4/f)/2*-9 composite?
True
Let l(v) = -v**2 - 11. Let u be l(0). Let d = 37 + u. Is d prime?
False
Let q be (3 - -1) + 2/(-2). Let d = -23 - -26. Suppose 0*b - d*b - 44 = -2*v, -v + q*b + 19 = 0. Is v composite?
True
Let k = -892 - -2048. Suppose -4*h + 712 = -k. Is h composite?
False
Let q = 3 + -7. Let l be 1*(-2)/q*8. Suppose 0*j - j - 4*k + 59 = 0, -182 = -l*j + 2*k. Is j prime?
True
Let h = 23 - 19. Suppose -4*g + 4*k + 188 = 0, -4*g - h*k + 53 = -135. Is g a prime number?
True
Let y(i) = -i + 6. Suppose -2*t + 12 = -0*t. Let z be y(t). Suppose z = -2*f - 2*n + 96, -f = 2*n - 17 - 26. Is f composite?
False
Suppose -748 = -44*f + 40*f. Is f a prime number?
False
Is -2*(-4)/(-24)*(-27 - 3) prime?
False
Suppose g - 3*g + 10 = 0. Suppose 3 = 2*t + 3*o, g*t - 4*o = -8 + 4. Is (-4)/2 + t - -95 composite?
True
Let n(j) = 63*j**2 - 18*j - 10. Is n(-7) a composite number?
False
Suppose 2*s - v - 1342 = 0, -438 = 2*s + v - 1780. Is s prime?
False
Is -223*(-1 - 0/1) a prime number?
True
Let l be ((-28)/10)/(4/(-760)). Suppose -q - l = -2*o - o, 0 = 4*o + 2*q - 726. Is o a composite number?
False
Let k(u) be the third derivative of 13*u**5/12 - u**4/24 - u**3/6 - 2*u**2. Is k(-1) a prime number?
False
Suppose 0 = -2*n - 5*h + 199, -4*n + n - 3*h = -312. Suppose n = 3*v + 2*p, -3*p = 4*v + 2*p - 138. Is v a composite number?
False
Let x = -3 + 7. Let o = -2 + x. Suppose o*y = 19 + 47. Is y a composite number?
True
Suppose -4*a + 51 = 3*w, 0*w + 57 = 2*w - 5*a. Is w composite?
True
Let l(h) = 107*h**3 - 2*h**2 - 3*h + 1. Is l(3) a prime number?
False
Suppose -2*x - 8*k = -4*k - 92, 0 = 3*k - 15. Suppose 40 = i - x. Suppose 0 = 4*n - 3*z - 57 - i, n = -2*z + 25. Is n prime?
True
Let n be 36/3*(-2)/(-4). Let y = n + -6. Is (y - -21) + -3 + 1 prime?
True
Let f(r) = 98*r + 3. Is f(6) a prime number?
False
Let x be 16/5 - (-8)/(-40). Suppose -x*l + 534 = 3*l. Is l a prime number?
True
Suppose 2*n = -3*u + 136, -3*u - u - 4*n = -180. Suppose -u = -a - 3. Let x = -22 + a. Is x composite?
True
Let c(a) = 5*a**3 - 6*a**2 + 7*a - 5. Is c(4) composite?
True
Let i(m) = 101*m**2 + 2*m - 1. Let z be i(1). Let t = 323 - z. Let a = t + -154. Is a a composite number?
False
Let j = 49 + 5. Suppose -3*u + 3*k + j = 0, -3*k = 4*u + u - 98. Is u a prime number?
True
Let m(g) = -6*g**2 - g + 2. Let b be m(-2). Let c = b - -117. Is c prime?
True
Suppose s = -2*g + 5*g - 78, -g + s = -24. Suppose -69 = -6*h - g. Is h a composite number?
False
Let x be (1 - 8)*-1 + -1. Suppose 5*h = -x*d + 2*d + 15, 4*h = 2*d + 12. Suppose -142 + 31 = -h*o. Is o prime?
True
Let l(v) = 295*v**2 - 4*v - 4. Is l(-1) a composite number?
True
Suppose 5*m - m = 0. Let y be 1 - m - 2 - -3. Suppose -y*z - 12 = -6*z. Is z prime?
True
Let g = -6 + 4. Let z(b) = 23*b**2 - 1. Is z(g) composite?
True
Let o be (1/2 + -1)*6. Let w(v) = v**3 - 3*v**2 - 4*v + 6. Let q be w(4). Let m = q + o. Is m a prime number?
True
Suppose 0 = 2*x + 8 - 418. Is x a prime number?
False
Suppose -270 - 55 = -5*t. Is t prime?
False
Suppose 0 = -r + 36 + 301. Is r a prime number?
True
Suppose 126 = a + 2*a - 3*l, -4*l = 3*a - 154. Suppose -2*h = -0*h + 4. Is (-5 - h)/((-6)/a) prime?
True
Let b(o) = -4*o**3 + 2*o**2 + o. Let a(n) = -n**3 + n**2 + n. Let y(z) = 2*a(z) - b(z). Let r be y(1). Is (-55)/2*(1 - r) a composite number?
True
Let w(n) = -6*n + 7. Let v be w(6). Let j be 2*1/2*2. Let x = j - v. Is x a composite number?
False
Suppose 0 = -i - 5*v + 118, -v - 4*v - 161 = -2*i. Is i a prime number?
False
Let w(p) = p**2 - 1. Let s(x) = 3*x**2 - 5*x - 10. Let z(f) = -s(f) + 2*w(f). Let t be z(6). Suppose -4*d + 66 = -t*d. Is d prime?
False
Suppose -3*p + 6 = -6*p. Is (p/(-4) + 0)*74 prime?
True
Let o = -4 + 5. Suppose a + o = 4. Suppose n + 2*n - 5*q = 85, 3*n + a*q - 117 = 0. Is n composite?
True
Let a(m) be the first derivative of 19*m**2/2 - m - 3. Let s be a(9). Let r = s + 11. Is r a composite number?
False
Suppose -5*p - 2 = 4*h - 0, -h - 13 = -5*p. Is (-5 - -78) + p*-1 a prime number?
True
Let i(c) = -37*c**3 - 3*c**2 + 2*c + 5. Is i(-4) prime?
False
Let g(v) = -v**3 - 3*v**2 - v + 2. Let m be g(-2). Suppose m = f + 5, -3*j - 2*f - 223 = -6*j. Is j a composite number?
False
Let d = -274 + 593. Is d a prime number?
False
Let y(u) = -17*u**2 + 1. Let c(w) = 33*w**2 - 2. Let j(z) = -3*c(z) - 7*y(z). Suppose 3*x - 4 = -1. Is j(x) a composite number?
False
Suppose -4*r + 9 = -995. Is r a composite number?
False
Let l(f) = 5*f**2 + 3*f + 4. Let n be l(-4). Let p = n + -19. Is p prime?
True
Suppose 14 = w - 2. Let d = w + 3. Is d composite?
False
Suppose -3*p = -5*l - 200, -p + 3*l + 16 = -52. Is p prime?
False
Let y = 62 + -23. Is y prime?
False
Let w(v) = -42*v - 29. Is w(-8) a composite number?
False
Suppose -3*m = -2*i - m - 312, 3*i + 3*m + 492 = 0. Let f be i/(-28) - 2/(-7). Is (4 + -1)/(f/44) a prime number?
False
Suppose -2*b = x - 2389, 8*x - 13*x = 4*b - 4787. Is b a prime number?
True
Suppose 2*c + 52 = 4*c + 3*i, 2*c - 36 = 5*i. Is c prime?
True
Suppose -2*z + 36 = -38. Is z a prime number?
True
Let q = 0 - 0. Let r(w) = 2*w**2 - w + 4. Let a be r(-4). Suppose q = -k + a - 7. Is k a prime number?
False
Let i be (1*-2)/((-5)/30). Suppose -2*t + t - 1 = 0, -3*t = 5*h - i. Suppose 3*n = h*r + 6*n - 78, 5*n = -2*r + 67. Is r prime?
False
Suppose 471 = 15*a - 12*a. Is a a prime number?
True
Let f(r) = 17*r**3 + r**2 + r. Is f(5) prime?
False
Let i(b) = b**2 + 8*b. Let o be i(-9). Suppose o = r - 1. Suppose 0 = -3*q + r + 149. Is q prime?
True
Let g(m) = m**3 - 5*m**2 - 4*m - 2. Let d be g(6). Suppose -h - d = -2*h. Is h a composite number?
True
Suppose 3*v = 13 + 5. Let c(m) = -320*m - 3. Let y be c(v). Is 2/(-9) - y/27 prime?
True
Is 1/6 - (-15524)/24 prime?
True
Let y = 3671 + -598. Is y a composite number?
True
Let h be (-1)/2*(-2 - 8). Suppose 3*s - x - 169 - 96 = 0, -h*s + 447 = x. Is s a composite number?
False
Let u = 4997 + -2838. Is u a prime number?
False
Suppose -a + 5*u = -18, 7 = -2*a - 4*u + 1. Suppose -2*y + 31 = 2*g + a*g, -2*g + 25 = 5*y. Suppose 50 = 2*m - 5*s, -4*m + g*s = 12 - 132. Is m composite?
True
Let i = -357 + 514. Is i composite?
False
Is (-4795)/(-10) - 2/4 composite?
False
Is ((-4)/(-12))/((-1)/(-1083)) a prime number?
False
Let x = 17 - -38. Is x a composite number?
True
Suppose -346 = -4*l + s, -5*l - s + 433 = -2*s. Suppose -p + l = 3*h - 2, -5*p + 135 = 5*h. Is h a prime number?
True
Suppose -2*s + 2*z = -14, -s - 6*z - 17 = -z. Is s a prime number?
True
Suppose l = 5*b + 8, -l + 8 = l - 2*b. Suppose 4*w + 3*c - 74 = 5*c, l*c = -4*w + 79. Is w a prime number?
True
Suppose -415 - 7478 = -3*v - c